h).
2, 5
Suppose 0 = 10*b - 1559 + 429. What are the prime factors of b?
113
Let r(l) = 2*l**2 - 3*l + 21. What are the prime factors of r(11)?
2, 5, 23
Let s = -11 + 49. What are the prime factors of s?
2, 19
Let x be 18 + 2 + 2 + -3. Let r be (4/(-2) - x)*-1. Let d = -4 + r. List the prime factors of d.
17
Let b = 102 + -36. List the prime factors of b.
2, 3, 11
Let w(n) be the third derivative of n**7/2520 - n**6/80 + n**5/15 - 4*n**2. Let s(k) be the third derivative of w(k). List the prime factors of s(6).
3
Let q = 4 - -23. What are the prime factors of q?
3
Let a = 0 + 4. What are the prime factors of a?
2
Let j = -23 + 48. What are the prime factors of j?
5
Suppose 5*b - 410 = -0*b. What are the prime factors of b?
2, 41
Let c(m) be the second derivative of m**5/20 + 5*m**4/6 + 5*m**3/3 + 4*m**2 + m. Let u be c(-9). What are the prime factors of ((-12)/(u*2))/2?
3
Suppose 62 = -u + 3*u + 2*t, 3*t - 31 = -u. List the prime factors of u.
31
Let x be (-1)/(2 + 7/(-3)). Suppose -8 = -5*b + 2, 50 = -4*o + x*b. Let f = 0 - o. What are the prime factors of f?
11
Suppose 2*q = k + 12, -23 = -2*q + 2*k - 7. Let v(m) = -2*m - 6. Let w be v(-5). Suppose -w*g - 20 = 2*f - q*f, -3*g = -3. What are the prime factors of f?
2, 3
Let a = -103 + 147. List the prime factors of a.
2, 11
Let z be (-1 - -2)/(-1) + -9. Let w(v) = v**3 - 4*v. Let j be w(-3). Let h = z - j. What are the prime factors of h?
5
Let x(b) = -b**2 - 4*b - 3. Let y be x(-4). What are the prime factors of 20/3*y/(-2)?
2, 5
Let t(d) = 2*d**2 - 41*d - 24. What are the prime factors of t(23)?
7, 13
Suppose -k = -2 - 3. Let x = 11 - k. Let h(f) = f**3 - 5*f**2 - 5*f + 4. What are the prime factors of h(x)?
2, 5
Suppose 0*y - 2*y + 10 = 0. Let g = 19 + y. What are the prime factors of g?
2, 3
Let f(n) be the third derivative of n**6/120 + 3*n**5/20 - 11*n**4/24 + n**3/3 - 3*n**2. List the prime factors of f(-10).
2, 3
Suppose 3*r = -12, -q + r - 6*r + 17 = 0. What are the prime factors of q?
37
Let h = 19 + -10. Let z = 3 + h. List the prime factors of z.
2, 3
Let r(k) = 4*k**2 + 5*k - 9. List the prime factors of r(-8).
3, 23
Let i = 382 - 150. What are the prime factors of i?
2, 29
Suppose -c = -5*c + 8. Let g(d) = -d**2 - 1. Let r(f) = -f**2 + 2*f + 2. Let m(i) = -2*g(i) - r(i). List the prime factors of m(c).
2
Let a = 23 - 18. Let b(s) = 5*s + 5. List the prime factors of b(a).
2, 3, 5
Let m(o) = -o**2 - 6*o + 13. What are the prime factors of m(-6)?
13
Let p(o) = -o + 5. Let z be p(3). What are the prime factors of (-2 - -28 - z) + -3?
3, 7
Let x = -5 - -5. Suppose -j + 19 + 14 = x. Suppose 3*w + j = 3*u, -4*w + 2 = -2*u + 32. List the prime factors of u.
7
What are the prime factors of (-627)/(-18) - 4/(-24)?
5, 7
Let f(o) = -o + 9. Let k be f(7). What are the prime factors of (-5 + k)/3*-4?
2
Suppose 4*r = -4*k + 208, 5*k = 8 + 2. List the prime factors of r.
2, 5
Let j(n) = 3*n - 2 - 5*n + n**2 + n - n. Let q be j(-2). Let b = q - 0. What are the prime factors of b?
2, 3
What are the prime factors of 2 + (194 - -1 - (-4 - -1))?
2, 5
Let s be 0 + (4 - 0 - -2). Let l be (-10)/25*5/1. Let j = s - l. What are the prime factors of j?
2
Let s(n) = -56*n - 5. What are the prime factors of s(-2)?
107
Suppose 3*t + 11 + 5 = 2*o, -4*t + 17 = 5*o. Let n be (0/t + 2)*2. Suppose 3*k - 35 - n = -3*y, 41 = 5*k - 3*y. What are the prime factors of k?
2, 5
Suppose 3*o - 2*o - 5 = -w, 0 = -5*o + 2*w + 4. Suppose 0 = o*s + 2*s - 144. List the prime factors of s.
2, 3
Let p be -3*(0 - (-1)/(-1)). Suppose p*b + 5*j - 55 = -2*b, 54 = 4*b - j. List the prime factors of b.
13
Suppose -m + 3 - 2 = 4*x, 2*m = x + 47. What are the prime factors of m?
3, 7
Suppose 0 = 3*d - 12 + 3. Let c be (2 - 4 - -1) + d. Suppose c*r = -3*r + 55. What are the prime factors of r?
11
Let l be ((-24)/(-10))/(6/20). Suppose 0 = 2*j - 5*n - 8, -2*j - n - 4 = -0. Let w = l + j. What are the prime factors of w?
7
Let r(d) = d**3 - 4*d**2 - 3*d - 1. Suppose 3*v + 5 - 20 = 0. What are the prime factors of r(v)?
3
What are the prime factors of 365/(-15)*(-2 + -4)?
2, 73
Let w(k) = -k**2 + 5*k + 10. What are the prime factors of w(5)?
2, 5
Let u be (-3)/3 + (-1 - -1). Let n be ((-1)/2)/(u/(-4)). What are the prime factors of 9*1/n*-2?
3
Let b(c) = c**2 - 2*c - 4. Let m be b(4). Let f(k) = 4*k + 0*k - 6*k + m. List the prime factors of f(-6).
2
Let i(w) = -5*w + w**3 + 3*w + 3*w + 5 - w**2. Let p be i(0). Suppose o - p*m - 5 = 3*o, -60 = -5*o + 2*m. What are the prime factors of o?
2, 5
Let r(f) = -11*f - 2. Suppose 2 = b - 0*b. Let w be r(b). Let m = w + 36. List the prime factors of m.
2, 3
Let m = 17 + -57. What are the prime factors of (-1344)/m - 6/10?
3, 11
Let k(n) = -3*n - 3. Let b(i) = -10*i - 8. Let s(y) = 6*b(y) - 17*k(y). List the prime factors of s(-3).
2, 3, 5
Let q be ((-2)/3)/((-2)/33). Let k = q + -7. Suppose k*i - d = 4 + 5, 0 = -4*i - 3*d + 5. What are the prime factors of i?
2
Let p = 4 - -18. Suppose p = 3*n - 8. What are the prime factors of n?
2, 5
Let a(f) = -f + 29. What are the prime factors of a(0)?
29
Suppose -3*s + 3*h = -s - 67, -5*s - 4*h = -133. Suppose -b - 2*o + 7 = o, -3*b - o + s = 0. What are the prime factors of b?
2, 5
List the prime factors of (-12)/(-3) - 254/4*-6.
5, 7, 11
Let a(d) = -d**3 + 9*d**2 - 3*d - 2. List the prime factors of a(8).
2, 19
Let u(n) = -n**3 + 4*n**2 + 6*n - 3. Let o be u(5). Let y be 2*(2 - (2 - o)). Suppose -3*g = 3*t, 0*g - t - y = -g. What are the prime factors of g?
2
Let a = 10 + -3. Let q = a - 3. List the prime factors of q.
2
Let t(r) be the second derivative of -r**5/20 - 3*r**4/4 - 2*r**3 - 3*r**2/2 + 7*r. What are the prime factors of t(-8)?
29
Let a(m) = 19*m**2 + 1. List the prime factors of a(-2).
7, 11
Let w(p) = -27*p - 2. Let s be w(-2). Suppose 12 = -5*q + s. What are the prime factors of q?
2
Suppose 1 = 5*f + 4*d - 15, -3*f = d - 4. Suppose 5*l = -2*z - f*z + 269, z + 104 = 2*l. Let q = l + -32. What are the prime factors of q?
3, 7
Let y(o) = -2*o**3 + 17*o**2 + 13*o - 1. What are the prime factors of y(8)?
167
Let t be (3*(1 + 0))/3. Let q = t - -1. Suppose z - 1 = -q*j, 5*j + 0*j - 22 = 4*z. What are the prime factors of j?
2
Let w = -14 + 45. Suppose 2*j - 19 = -4*g + 3*j, g = -5*j + w. What are the prime factors of g?
2, 3
Let a = 172 + -101. List the prime factors of a.
71
Let j be (4/(-2))/4*6. What are the prime factors of (j/6)/((-2)/44)?
11
Let m(d) = d**2 - 3*d + 1. Suppose 0 = 5*b + 7*q - 2*q - 45, 4*q - 20 = 0. Let a be m(b). Suppose -22 - 3 = -a*i. What are the prime factors of i?
5
Let k = 252 - 168. Suppose -4*n = -0 - k. Suppose -n = -2*c - 2*c - 5*q, -3 = c + 4*q. What are the prime factors of c?
3
Let p(s) = -4*s + 7*s**2 - s**2 + 5*s. Let i = -1 + 0. What are the prime factors of p(i)?
5
Let d = -1 - -4. Suppose -a + 60 = d*a. What are the prime factors of a?
3, 5
Let n = 510 - 246. List the prime factors of n.
2, 3, 11
Let t(i) = -i + 1. Let f be t(1). Suppose -3*v + f*v + 24 = 0. Suppose -2*g + 4*g = v. List the prime factors of g.
2
Let g(l) = l**3 + 4*l**2 + l. Let x be g(-3). Suppose -3*t - 2 = 2*y + x, 0 = -3*t + y - 14. List the prime factors of 20/9 - t/(-18).
2
Let q be ((-4)/5)/((-2)/5). Let b be q/3 + (-2)/(-6). List the prime factors of -2 + 16/b - 1.
13
Suppose 0 = -4*n - n + h + 282, 0 = 3*n + 2*h - 164. What are the prime factors of n?
2, 7
Let h be 9/2 + (-2)/4. Let u be (h/(-6))/((-2)/9). Suppose -4*w + 28 = -3*l - 1, -3*l = -u*w + 18. What are the prime factors of w?
11
Suppose -8 - 8 = -4*m, 2*u = 5*m - 16. List the prime factors of ((-1)/(-3))/(u/102).
17
Suppose -g - 117 = -2*a + 93, 2*g = -5*a + 516. What are the prime factors of a?
2, 13
Let o(i) = i**2 - i. Let t(y) = -3*y**2 - 8*y - 9. Let d(w) = 2*o(w) + t(w). List the prime factors of d(-6).
3, 5
Suppose 3*d + 9 = -123. Suppose 10 = -2*n + 7*n. List the prime factors of 1/n - d/8.
2, 3
Suppose 221 - 1523 = -6*m. List the prime factors of m.
7, 31
Suppose -3*x - 3 = -4*a - 51, 5*x = -3*a + 80. List the prime factors of x/6*(-15)/(-20).
2
Suppose 0 = -l + 5*l - 88. List the prime factors of l.
2, 11
Let o be 1/3 - 68/(-12). What are the prime factors of ((-10)/4)/(o/(-12))?
5
Suppose 4*c = 2*c - 3*x + 532, -4*c + 3*x = -1082. List the prime factors of